151, 94379
List the prime factors of 799621169.
799621169
What are the prime factors of 8598775?
5, 343951
List the prime factors of 148633234.
2, 1151, 64567
List the prime factors of 160371371.
160371371
List the prime factors of 2608537148.
2, 7, 37, 223, 1613
List the prime factors of 636140144.
2, 1109, 35851
What are the prime factors of 33341150?
2, 5, 666823
What are the prime factors of 110781017?
110781017
List the prime factors of 160766973.
3, 587, 30431
What are the prime factors of 1232323994?
2, 11, 461, 121507
List the prime factors of 1916001762.
2, 3, 17, 19, 988649
What are the prime factors of 72593963?
13, 37, 4079
List the prime factors of 2656437215.
5, 19, 27962497
List the prime factors of 21406854.
2, 3, 7, 509687
What are the prime factors of 149138693?
11, 23, 589481
What are the prime factors of 201903938?
2, 100951969
List the prime factors of 2220586601.
19, 116872979
List the prime factors of 811699959.
3, 7, 2699, 14321
List the prime factors of 39533949.
3, 7, 13, 48271
What are the prime factors of 17170897?
17170897
List the prime factors of 63766997.
7, 9109571
List the prime factors of 790288789.
790288789
What are the prime factors of 89627598?
2, 3, 19, 262069
What are the prime factors of 310343876?
2, 23, 3373303
List the prime factors of 517596909.
3, 17, 67, 151477
List the prime factors of 3079930364.
2, 7, 3571, 30803
List the prime factors of 820826105.
5, 11, 53, 193, 1459
What are the prime factors of 494853357?
3, 17, 67, 97, 1493
List the prime factors of 134345366.
2, 67172683
What are the prime factors of 161007836?
2, 11, 71, 51539
What are the prime factors of 539739393?
3, 457, 393683
What are the prime factors of 412573438?
2, 313, 659063
What are the prime factors of 1482122362?
2, 7, 59, 347, 5171
List the prime factors of 7040492806.
2, 29, 2957, 41051
What are the prime factors of 123029596?
2, 157, 195907
List the prime factors of 893287851.
3, 297762617
What are the prime factors of 1730550552?
2, 3, 19, 3795067
What are the prime factors of 89850978?
2, 3, 7, 237701
List the prime factors of 811648109.
6991, 116099
List the prime factors of 99124974.
2, 3, 13, 47, 9013
What are the prime factors of 145687765?
5, 109, 267317
List the prime factors of 67772767.
113, 599759
What are the prime factors of 458398922?
2, 31, 79, 3019
What are the prime factors of 181467838?
2, 23, 3944953
List the prime factors of 55051454.
2, 29, 487, 1949
What are the prime factors of 397438165?
5, 1069, 74357
List the prime factors of 344886008.
2, 43110751
List the prime factors of 1690692271.
67, 1733, 14561
What are the prime factors of 34411998?
2, 3, 37, 155009
List the prime factors of 50276570.
2, 5, 5027657
List the prime factors of 791513765.
5, 7, 271, 83449
List the prime factors of 83317095.
3, 5, 1851491
What are the prime factors of 117689104?
2, 13, 565813
List the prime factors of 2178684399.
3, 499, 1455367
What are the prime factors of 79940558?
2, 2393, 16703
List the prime factors of 5772652.
2, 617, 2339
What are the prime factors of 39636428?
2, 13, 762239
List the prime factors of 152252530.
2, 5, 15225253
List the prime factors of 172844726.
2, 2851, 30313
What are the prime factors of 2437919217?
3, 270879913
List the prime factors of 90685670.
2, 5, 19, 477293
What are the prime factors of 146738495?
5, 3019, 9721
What are the prime factors of 980637958?
2, 29, 583019
List the prime factors of 691748452.
2, 1913, 90401
List the prime factors of 13054463.
19, 139, 4943
What are the prime factors of 67408992?
2, 3, 7, 29, 1153
What are the prime factors of 4106831326?
2, 13, 659, 239689
List the prime factors of 1025479846.
2, 29, 1789, 9883
List the prime factors of 288713744.
2, 11, 197, 757
What are the prime factors of 991668813?
3, 1279, 258449
List the prime factors of 15610294.
2, 7, 29, 38449
List the prime factors of 354913839.
3, 7, 547, 3433
What are the prime factors of 14282320?
2, 5, 13, 31, 443
List the prime factors of 659352976.
2, 151, 272911
List the prime factors of 165907250.
2, 5, 17, 103, 379
What are the prime factors of 326765552?
2, 20422847
List the prime factors of 35471286.
2, 3, 1970627
What are the prime factors of 49136131?
11, 643, 6947
List the prime factors of 1251281719.
17, 23, 3200209
What are the prime factors of 1184194572?
2, 3, 11, 137, 5953
List the prime factors of 35025721.
19, 607, 3037
List the prime factors of 1431066812.
2, 7, 51109529
What are the prime factors of 9478000088?
2, 1184750011
List the prime factors of 51579237.
3, 1087, 15817
List the prime factors of 255899868.
2, 3, 7, 3046427
List the prime factors of 5884787.
5884787
What are the prime factors of 70357157?
13, 163, 33203
What are the prime factors of 448459189?
41, 211, 51839
What are the prime factors of 18467941?
43, 429487
What are the prime factors of 49044221?
49044221
List the prime factors of 14773829.
7, 2110547
What are the prime factors of 46966243?
46966243
What are the prime factors of 1513503327?
3, 7, 10295941
List the prime factors of 37571862.
2, 3, 6261977
What are the prime factors of 65223326?
2, 7, 4658809
What are the prime factors of 256819727?
256819727
List the prime factors of 25961739.
3, 199, 43487
What are the prime factors of 1296827253?
3, 41, 390493
List the prime factors of 2725159738.
2, 7, 17, 23, 239, 2083
List the prime factors of 12032148.
2, 3, 1002679
List the prime factors of 41343642.
2, 3, 765623
What are the prime factors of 39258708?
2, 3, 787, 4157
What are the prime factors of 31630701?
3, 139, 75853
List the prime factors of 503171794.
2, 19, 3491, 3793
What are the prime factors of 345853791?
3, 97, 197, 2011
List the prime factors of 3325618225.
5, 251, 529979
What are the prime factors of 1882215?
3, 5, 151, 277
List the prime factors of 299028467.
103, 197, 14737
List the prime factors of 29664624.
2, 3, 11, 19, 2957
What are the prime factors of 526692210?
2, 3, 5, 11, 79, 89, 227
What are the prime factors of 581475300?
2, 3, 5, 7, 409, 677
What are the prime factors of 186154232?
2, 11, 53, 167, 239
What are the prime factors of 47595854?
2, 73, 325999
What are the prime factors of 205247296?
2, 211, 15199
List the prime factors of 1559789254.
2, 59, 3541, 3733
What are the prime factors of 29906071?
13, 311, 569
What are the prime factors of 45365509?
7, 53, 122279
What are the prime factors of 152893153?
7, 21841879
What are the prime factors of 302329053?
3, 13, 2584009
What are the prime factors of 84653651?
109, 263, 2953
List the prime factors of 94166644.
2, 11, 13, 164627
What are the prime factors of 34366180?
2, 5, 17, 61, 1657
List the prime factors of 194197912.
2, 24274739
What are the prime factors of 158815394?
2, 17, 1523, 3067
What are the prime factors of 762612612?
2, 3, 63551051
What are the prime factors of 30480855?
3, 5, 2032057
What are the prime factors of 166464676?
2, 7, 1171, 5077
List the prime factors of 19195432.
2, 23, 104323
What are the prime factors of 115536931?
115536931
What are the prime factors of 294970001?
1933, 152597
What are the prime factors of 40032557?
29, 37, 37309
List the prime factors of 299120400.
2, 3, 5, 83089
List the prime factors of 2396432990.
2, 5, 7, 31, 107, 10321
List the prime factors of 126576914.
2, 63288457
List the prime factors of 136480767.
3, 199, 228611
List the prime factors of 285472189.
547, 521887
What are the prime factors of 1234160792?
2, 154270099
What are the prime factors of 4744647802?
2, 2372323901
What are the prime factors of 326449575?
3, 5, 483629
What are the prime factors of 1630669751?
61, 2927, 9133
What are the prime factors of 179026669?
103, 347, 5009
List the prime factors of 924811254.
2, 3, 17, 3022259
What are the prime factors of 1639972609?
11, 17, 8769907
What are the prime factors of 69808932?
2, 3, 646379
List the prime factors of 3214127.
7, 359, 1279
What are the prime factors of 200153856?
2, 3, 7, 31, 1201
What are the prime factors of 204247897?
7, 29178271
List the prime factors of 58425606.
2, 3, 47, 69061
What are the prime factors of 719182741?
61, 79, 149239
List the prime factors of 388843869.
3, 653, 198491
List the prime factors of 498981430.
2, 5, 49898143
What are the prime factors of 1